{"id":10,"date":"2023-02-07T21:18:21","date_gmt":"2023-02-08T02:18:21","guid":{"rendered":"https:\/\/www.erablieredurangdesvents.ca\/?page_id=10"},"modified":"2023-02-08T12:54:43","modified_gmt":"2023-02-08T17:54:43","slug":"create-your-website-with-blocks","status":"publish","type":"page","link":"https:\/\/www.erablieredurangdesvents.ca\/","title":{"rendered":"liste 2026"},"content":{"rendered":"\r\n<p><strong>Sirop d\u2019\u00e9rable biologique :<\/strong><br>67$ \/ gallon (8 cannes)<br>8.50$ \/ canne<\/p>\r\n\r\n\r\n\r\n<p>N\u2019oubliez pas de sp\u00e9cifier votre pr\u00e9f\u00e9rence :<br><strong>DOR\u00c9,<\/strong>&nbsp;au go\u00fbt d\u00e9licat,<br><strong>AMBR\u00c9<\/strong>, au go\u00fbt riche ou<br><strong>FONC\u00c9<\/strong>, au go\u00fbt robuste<\/p>\r\n\r\n\r\n\r\n<p><\/p>\r\n\r\n\r\n\r\n<p><strong>Beurre d\u2019\u00e9rable biologique :<\/strong><br>8$ \/ 250g (contenant en carton)<br>15$ \/ 375ml (contenant de verre)<\/p>\r\n\r\n\r\n\r\n<p><\/p>\r\n\r\n\r\n\r\n<p><strong>Tire d\u2019\u00e9rable biologique :<\/strong><br>8$ \/ 250g (contenant en carton)<\/p>\r\n\r\n\r\n\r\n<p><\/p>\r\n\r\n\r\n\r\n<p><strong>Caramel d\u2019\u00e9rable :<\/strong><br>12$ \/ 375ml (contenant de verre)<\/p>\r\n\r\n\r\n\r\n<p><\/p>\r\n\r\n\r\n\r\n<p><em>Notre sirop d\u2019\u00e9rable biologique est certifi\u00e9 par Ecocert Canada.<\/em><\/p>\r\n","protected":false},"excerpt":{"rendered":"<p>Sirop d\u2019\u00e9rable biologique :67$ \/ gallon (8 cannes)8.50$ \/ canne N\u2019oubliez pas de sp\u00e9cifier votre pr\u00e9f\u00e9rence :DOR\u00c9,&nbsp;au go\u00fbt d\u00e9licat,AMBR\u00c9, au go\u00fbt riche ouFONC\u00c9, au go\u00fbt robuste Beurre d\u2019\u00e9rable biologique :8$ \/ 250g (contenant en carton)15$ \/ 375ml (contenant de verre) Tire d\u2019\u00e9rable biologique :8$ \/ 250g (contenant en carton) Caramel d\u2019\u00e9rable :12$ \/ 375ml (contenant&hellip; <a class=\"more-link\" href=\"https:\/\/www.erablieredurangdesvents.ca\/\">Continue reading <span class=\"screen-reader-text\">liste 2026<\/span><\/a><\/p>\n","protected":false},"author":1,"featured_media":0,"parent":0,"menu_order":0,"comment_status":"closed","ping_status":"closed","template":"","meta":{"footnotes":""},"class_list":["post-10","page","type-page","status-publish","hentry","entry"],"_links":{"self":[{"href":"https:\/\/www.erablieredurangdesvents.ca\/index.php?rest_route=\/wp\/v2\/pages\/10","targetHints":{"allow":["GET"]}}],"collection":[{"href":"https:\/\/www.erablieredurangdesvents.ca\/index.php?rest_route=\/wp\/v2\/pages"}],"about":[{"href":"https:\/\/www.erablieredurangdesvents.ca\/index.php?rest_route=\/wp\/v2\/types\/page"}],"author":[{"embeddable":true,"href":"https:\/\/www.erablieredurangdesvents.ca\/index.php?rest_route=\/wp\/v2\/users\/1"}],"replies":[{"embeddable":true,"href":"https:\/\/www.erablieredurangdesvents.ca\/index.php?rest_route=%2Fwp%2Fv2%2Fcomments&post=10"}],"version-history":[{"count":7,"href":"https:\/\/www.erablieredurangdesvents.ca\/index.php?rest_route=\/wp\/v2\/pages\/10\/revisions"}],"predecessor-version":[{"id":39,"href":"https:\/\/www.erablieredurangdesvents.ca\/index.php?rest_route=\/wp\/v2\/pages\/10\/revisions\/39"}],"wp:attachment":[{"href":"https:\/\/www.erablieredurangdesvents.ca\/index.php?rest_route=%2Fwp%2Fv2%2Fmedia&parent=10"}],"curies":[{"name":"wp","href":"https:\/\/api.w.org\/{rel}","templated":true}]}}